{"id":43,"date":"2021-03-09T19:46:34","date_gmt":"2021-03-09T19:46:34","guid":{"rendered":"http:\/\/freibad-bb.de\/?page_id=43"},"modified":"2021-06-22T18:54:50","modified_gmt":"2021-06-22T18:54:50","slug":"mitglied-ja-bitte","status":"publish","type":"page","link":"http:\/\/freibad-bb.de\/?page_id=43","title":{"rendered":"Mitglied? Ja, bitte!"},"content":{"rendered":"\n<p>Hier findet Ihr \u201ethe nitty-gritty\u201c \u00fcber unseren Verein wie die Satzung oder auch die Nutzungsordnung f\u00fcr das Bad. Wer m\u00f6chte, kann, darf, soll Mitglied werden. Sprecht uns bei Fragen gern an und wir schauen ob wir zueinander passen.<\/p>\n\n\n\n<div class=\"wp-block-file\"><a href=\"http:\/\/freibad-bb.de\/wp-content\/uploads\/2021\/03\/Vereinssatzung.pdf\">Vereinssatzung<\/a><a href=\"http:\/\/freibad-bb.de\/wp-content\/uploads\/2021\/03\/Vereinssatzung.pdf\" class=\"wp-block-file__button\" download>Herunterladen<\/a><\/div>\n\n\n\n<div class=\"wp-block-file\"><a href=\"http:\/\/freibad-bb.de\/wp-content\/uploads\/2021\/06\/Nutzungsordnung2021.pdf\">Nutzungsordnung<\/a><a href=\"http:\/\/freibad-bb.de\/wp-content\/uploads\/2021\/06\/Nutzungsordnung2021.pdf\" class=\"wp-block-file__button\" download>Herunterladen<\/a><\/div>\n\n\n\n<div class=\"wp-block-file\"><a href=\"http:\/\/freibad-bb.de\/wp-content\/uploads\/2021\/03\/Beitrittserklaerung.pdf\">Beitrittserklaerung<\/a><a href=\"http:\/\/freibad-bb.de\/wp-content\/uploads\/2021\/03\/Beitrittserklaerung.pdf\" class=\"wp-block-file__button\" download>Herunterladen<\/a><\/div>\n\n\n\n<p><\/p>\n","protected":false},"excerpt":{"rendered":"<p>Hier findet Ihr \u201ethe nitty-gritty\u201c \u00fcber unseren Verein wie die Satzung oder auch die Nutzungsordnung f\u00fcr das Bad. Wer m\u00f6chte, kann, darf, soll Mitglied werden. Sprecht uns bei Fragen gern an und wir schauen ob wir zueinander passen.<\/p>\n","protected":false},"author":1,"featured_media":0,"parent":0,"menu_order":0,"comment_status":"closed","ping_status":"closed","template":"","meta":[],"_links":{"self":[{"href":"http:\/\/freibad-bb.de\/index.php?rest_route=\/wp\/v2\/pages\/43"}],"collection":[{"href":"http:\/\/freibad-bb.de\/index.php?rest_route=\/wp\/v2\/pages"}],"about":[{"href":"http:\/\/freibad-bb.de\/index.php?rest_route=\/wp\/v2\/types\/page"}],"author":[{"embeddable":true,"href":"http:\/\/freibad-bb.de\/index.php?rest_route=\/wp\/v2\/users\/1"}],"replies":[{"embeddable":true,"href":"http:\/\/freibad-bb.de\/index.php?rest_route=%2Fwp%2Fv2%2Fcomments&post=43"}],"version-history":[{"count":4,"href":"http:\/\/freibad-bb.de\/index.php?rest_route=\/wp\/v2\/pages\/43\/revisions"}],"predecessor-version":[{"id":143,"href":"http:\/\/freibad-bb.de\/index.php?rest_route=\/wp\/v2\/pages\/43\/revisions\/143"}],"wp:attachment":[{"href":"http:\/\/freibad-bb.de\/index.php?rest_route=%2Fwp%2Fv2%2Fmedia&parent=43"}],"curies":[{"name":"wp","href":"https:\/\/api.w.org\/{rel}","templated":true}]}}