{"id":186,"date":"2024-06-11T06:54:50","date_gmt":"2024-06-11T06:54:50","guid":{"rendered":"http:\/\/freibad-bb.de\/?page_id=186"},"modified":"2025-08-26T14:30:12","modified_gmt":"2025-08-26T14:30:12","slug":"herbstlauf-2024","status":"publish","type":"page","link":"http:\/\/freibad-bb.de\/?page_id=186","title":{"rendered":"Herbstlauf 2025 &#8211; 20.09.2025 ab 11.00 Uhr"},"content":{"rendered":"\n<p>Euch erwarten ca. 2 Kilometer Lauf durch den Park und im Freibad selbst verschiedene Hindernisse, wie: <\/p>\n\n\n\n<ul><li>zu \u00fcberwindende Stolperdings und Fiesgemeinheiten<\/li><li>Kriechstrecke<\/li><li>Geschicklichkeitsstrecke (Reifenhindernisse, Balancestrecke, &#8230;)<\/li><li>je nach Schwimmf\u00e4higkeit Querung des mittleren Beckens \/ Kinderbeckens in Kleidung<\/li><\/ul>\n\n\n\n<p><strong>Pro`s:<\/strong><\/p>\n\n\n\n<ol><li>Es wird <strong>gegrillt <\/strong>(je nach Regionalit\u00e4t auch <strong>gebraten<\/strong>, aber nur ausnahmsweise).<\/li><li><strong>Alle Teilnehmer<\/strong>, die das Ziel erreichen, erhalten <strong>eine Medaille<\/strong>.<\/li><li><strong>The Freibadkiosk<\/strong> rundet die Kulinarik ab.<\/li><\/ol>\n\n\n\n<p><strong>Startgeb\u00fchr pro Nase: <\/strong>10,00 \u20ac; zahlbar cash, vor Ort<\/p>\n\n\n\n<p><strong>Streckenplan auf Komoot<\/strong><\/p>\n\n\n\n<p>Als normaler <a rel=\"noreferrer noopener\" href=\"https:\/\/www.komoot.com\/de-DE\/tour\/1862303585?ref=itd&amp;share_token=aKEJ6oO1rGih3hJ2jv6lBWuuBhD4XgGqF3ulDPCzUcRJzvLnFW&amp;ref=its\" target=\"_blank\"><strong>Link<\/strong><\/a> und QR:<\/p>\n\n\n\n<div class=\"wp-block-image\"><figure class=\"aligncenter size-large is-resized\"><img loading=\"lazy\" src=\"http:\/\/freibad-bb.de\/wp-content\/uploads\/2025\/08\/Komoot-2025-760x1024.jpg\" alt=\"\" class=\"wp-image-213\" width=\"-158\" height=\"-213\" srcset=\"http:\/\/freibad-bb.de\/wp-content\/uploads\/2025\/08\/Komoot-2025-760x1024.jpg 760w, http:\/\/freibad-bb.de\/wp-content\/uploads\/2025\/08\/Komoot-2025-223x300.jpg 223w, http:\/\/freibad-bb.de\/wp-content\/uploads\/2025\/08\/Komoot-2025-768x1034.jpg 768w, http:\/\/freibad-bb.de\/wp-content\/uploads\/2025\/08\/Komoot-2025-1141x1536.jpg 1141w, http:\/\/freibad-bb.de\/wp-content\/uploads\/2025\/08\/Komoot-2025.jpg 1290w\" sizes=\"(max-width: 706px) 89vw, (max-width: 767px) 82vw, 740px\" \/><\/figure><\/div>\n\n\n\n<p>Hier findet Ihr den <strong>Veranstaltungs-Disclaimer<\/strong>&#8230;<strong>ohne Autogramm, nix Teilnahme<\/strong>. Vor Ort auszuf\u00fcllen, oder Supermutti-m\u00e4\u00dfig vorausgef\u00fcllt dabei.<\/p>\n\n\n\n<div class=\"wp-block-file aligncenter\"><object class=\"wp-block-file__embed\" data=\"http:\/\/freibad-bb.de\/wp-content\/uploads\/2024\/09\/Haftungsausschluss-Herbstlauf-Freibadverein-e.V..pdf\" type=\"application\/pdf\" style=\"width:100%;height:520px\" aria-label=\"Einbettung von Haftungsausschluss-Herbstlauf-Freibadverein-e.V..\"><\/object><a id=\"wp-block-file--media-f76f3ff6-786e-45b6-a8d8-20a4caa09d61\" href=\"http:\/\/freibad-bb.de\/wp-content\/uploads\/2024\/09\/Haftungsausschluss-Herbstlauf-Freibadverein-e.V..pdf\">Haftungsausschluss-Herbstlauf-Freibadverein-e.V.<\/a><a href=\"http:\/\/freibad-bb.de\/wp-content\/uploads\/2024\/09\/Haftungsausschluss-Herbstlauf-Freibadverein-e.V..pdf\" class=\"wp-block-file__button\" download aria-describedby=\"wp-block-file--media-f76f3ff6-786e-45b6-a8d8-20a4caa09d61\">Herunterladen<\/a><\/div>\n\n\n\n<figure class=\"wp-block-gallery has-nested-images columns-default is-cropped\"><\/figure>\n","protected":false},"excerpt":{"rendered":"<p>Euch erwarten ca. 2 Kilometer Lauf durch den Park und im Freibad selbst verschiedene Hindernisse, wie: zu \u00fcberwindende Stolperdings und Fiesgemeinheiten Kriechstrecke Geschicklichkeitsstrecke (Reifenhindernisse, Balancestrecke, &#8230;) je nach Schwimmf\u00e4higkeit Querung des mittleren Beckens \/ Kinderbeckens in Kleidung Pro`s: Es wird gegrillt (je nach Regionalit\u00e4t auch gebraten, aber nur ausnahmsweise). Alle Teilnehmer, die das Ziel erreichen, &hellip; <\/p>\n<p class=\"link-more\"><a href=\"http:\/\/freibad-bb.de\/?page_id=186\" class=\"more-link\"><span class=\"screen-reader-text\">\u201eHerbstlauf 2025 &#8211; 20.09.2025 ab 11.00 Uhr\u201c <\/span>weiterlesen<\/a><\/p>\n","protected":false},"author":1,"featured_media":0,"parent":0,"menu_order":0,"comment_status":"closed","ping_status":"closed","template":"","meta":[],"_links":{"self":[{"href":"http:\/\/freibad-bb.de\/index.php?rest_route=\/wp\/v2\/pages\/186"}],"collection":[{"href":"http:\/\/freibad-bb.de\/index.php?rest_route=\/wp\/v2\/pages"}],"about":[{"href":"http:\/\/freibad-bb.de\/index.php?rest_route=\/wp\/v2\/types\/page"}],"author":[{"embeddable":true,"href":"http:\/\/freibad-bb.de\/index.php?rest_route=\/wp\/v2\/users\/1"}],"replies":[{"embeddable":true,"href":"http:\/\/freibad-bb.de\/index.php?rest_route=%2Fwp%2Fv2%2Fcomments&post=186"}],"version-history":[{"count":9,"href":"http:\/\/freibad-bb.de\/index.php?rest_route=\/wp\/v2\/pages\/186\/revisions"}],"predecessor-version":[{"id":215,"href":"http:\/\/freibad-bb.de\/index.php?rest_route=\/wp\/v2\/pages\/186\/revisions\/215"}],"wp:attachment":[{"href":"http:\/\/freibad-bb.de\/index.php?rest_route=%2Fwp%2Fv2%2Fmedia&parent=186"}],"curies":[{"name":"wp","href":"https:\/\/api.w.org\/{rel}","templated":true}]}}